{"id":64,"date":"2023-12-13T22:29:00","date_gmt":"2023-12-13T22:29:00","guid":{"rendered":"https:\/\/banbuonsofa.com\/new\/?page_id=64"},"modified":"2023-12-14T22:32:09","modified_gmt":"2023-12-14T22:32:09","slug":"dieu-khoan-su-dung","status":"publish","type":"page","link":"http:\/\/banbuonsofa.com\/new\/dieu-khoan-su-dung\/","title":{"rendered":"\u0110i\u1ec1u kho\u1ea3n s\u1eed d\u1ee5ng"},"content":{"rendered":"<p>C\u00e1c \u0111i\u1ec1u kho\u1ea3n v\u00e0 \u0111i\u1ec1u ki\u1ec7n n\u00e0y chi ph\u1ed1i vi\u1ec7c b\u1ea1n s\u1eed d\u1ee5ng https:\/\/banbuonsofa.com, n\u01a1i cung c\u1ea5p c\u00e1c m\u1eb7t h\u00e0ng y t\u1ebf v\u00e0 b\u00e1n th\u1ef1c ph\u1ea9m b\u1ed5 sung s\u1ee9c kh\u1ecfe. B\u1eb1ng c\u00e1ch s\u1eed d\u1ee5ng trang web n\u00e0y, b\u1ea1n ch\u1ea5p nh\u1eadn \u0111\u1ea7y \u0111\u1ee7 c\u00e1c \u0111i\u1ec1u kho\u1ea3n v\u00e0 \u0111i\u1ec1u ki\u1ec7n n\u00e0y.<\/p>\n<h2>\nQuy\u1ec1n s\u1edf h\u1eefu tr\u00ed tu\u1ec7<\/h2>\n<p>Tr\u1eeb khi c\u00f3 quy \u0111\u1ecbnh kh\u00e1c, https:\/\/banbuonsofa.com\u00a0v\u00e0 nh\u1eefng ng\u01b0\u1eddi c\u1ea5p ph\u00e9p c\u1ee7a n\u00f3 s\u1edf h\u1eefu c\u00e1c quy\u1ec1n s\u1edf h\u1eefu tr\u00ed tu\u1ec7 \u0111\u01b0\u1ee3c c\u00f4ng b\u1ed1 tr\u00ean trang web n\u00e0y v\u00e0 c\u00e1c t\u00e0i li\u1ec7u \u0111\u01b0\u1ee3c s\u1eed d\u1ee5ng tr\u00ean https:\/\/banbuonsofa.com. Theo gi\u1ea5y ph\u00e9p d\u01b0\u1edbi \u0111\u00e2y, t\u1ea5t c\u1ea3 c\u00e1c quy\u1ec1n s\u1edf h\u1eefu tr\u00ed tu\u1ec7 n\u00e0y \u0111\u1ec1u \u0111\u01b0\u1ee3c b\u1ea3o l\u01b0u.<\/p>\n<h2>\nGi\u1ea5y ph\u00e9p s\u1eed d\u1ee5ng trang web<\/h2>\n<p>B\u1ea1n c\u00f3 th\u1ec3 xem, t\u1ea3i xu\u1ed1ng ch\u1ec9 nh\u1eb1m m\u1ee5c \u0111\u00edch l\u01b0u v\u00e0o b\u1ed9 nh\u1edb \u0111\u1ec7m v\u00e0 in c\u00e1c trang ho\u1eb7c n\u1ed9i dung kh\u00e1c t\u1eeb trang web cho m\u1ee5c \u0111\u00edch s\u1eed d\u1ee5ng c\u00e1 nh\u00e2n c\u1ee7a b\u1ea1n, tu\u00e2n theo c\u00e1c h\u1ea1n ch\u1ebf \u0111\u01b0\u1ee3c n\u00eau b\u00ean d\u01b0\u1edbi v\u00e0 c\u00e1c n\u01a1i kh\u00e1c trong c\u00e1c \u0111i\u1ec1u kho\u1ea3n v\u00e0 \u0111i\u1ec1u ki\u1ec7n n\u00e0y.<\/p>\n<h2>\nN\u1ed9i dung ng\u01b0\u1eddi d\u00f9ng<\/h2>\n<p>Trong c\u00e1c \u0111i\u1ec1u kho\u1ea3n v\u00e0 \u0111i\u1ec1u ki\u1ec7n n\u00e0y, \u201cn\u1ed9i dung ng\u01b0\u1eddi d\u00f9ng c\u1ee7a b\u1ea1n\u201d c\u00f3 ngh\u0129a l\u00e0 t\u00e0i li\u1ec7u (bao g\u1ed3m v\u0103n b\u1ea3n, h\u00ecnh \u1ea3nh, t\u00e0i li\u1ec7u \u00e2m thanh, t\u00e0i li\u1ec7u video v\u00e0 t\u00e0i li\u1ec7u nghe nh\u00ecn) m\u00e0 b\u1ea1n g\u1eedi \u0111\u1ebfn trang web n\u00e0y. B\u1ea1n c\u1ea5p cho https:\/\/banbuonsofa.com\u00a0gi\u1ea5y ph\u00e9p to\u00e0n c\u1ea7u, kh\u00f4ng th\u1ec3 thu h\u1ed3i, kh\u00f4ng \u0111\u1ed9c quy\u1ec1n, mi\u1ec5n ph\u00ed b\u1ea3n quy\u1ec1n \u0111\u1ec3 s\u1eed d\u1ee5ng, t\u00e1i t\u1ea1o, \u0111i\u1ec1u ch\u1ec9nh, xu\u1ea5t b\u1ea3n, d\u1ecbch v\u00e0 ph\u00e2n ph\u1ed1i n\u1ed9i dung ng\u01b0\u1eddi d\u00f9ng c\u1ee7a b\u1ea1n tr\u00ean b\u1ea5t k\u1ef3 ph\u01b0\u01a1ng ti\u1ec7n truy\u1ec1n th\u00f4ng hi\u1ec7n c\u00f3 ho\u1eb7c t\u01b0\u01a1ng lai n\u00e0o.<\/p>\n<h2>\nKh\u00f4ng c\u00f3 b\u1ea3o \u0111\u1ea3m<\/h2>\n<p>Trang web n\u00e0y \u0111\u01b0\u1ee3c cung c\u1ea5p \u201cnguy\u00ean tr\u1ea1ng\u201d m\u00e0 kh\u00f4ng c\u00f3 b\u1ea5t k\u1ef3 tuy\u00ean b\u1ed1 hay b\u1ea3o \u0111\u1ea3m n\u00e0o, r\u00f5 r\u00e0ng hay ng\u1ee5 \u00fd. https:\/\/banbuonsofa.com\u00a0kh\u00f4ng tuy\u00ean b\u1ed1 hay b\u1ea3o \u0111\u1ea3m li\u00ean quan \u0111\u1ebfn trang web n\u00e0y ho\u1eb7c th\u00f4ng tin v\u00e0 t\u00e0i li\u1ec7u \u0111\u01b0\u1ee3c cung c\u1ea5p tr\u00ean trang web n\u00e0y.<\/p>\n<h2>\nGi\u1edbi h\u1ea1n tr\u00e1ch nhi\u1ec7m ph\u00e1p l\u00fd<\/h2>\n<p>https:\/\/banbuonsofa.com\u00a0s\u1ebd kh\u00f4ng ch\u1ecbu tr\u00e1ch nhi\u1ec7m ph\u00e1p l\u00fd v\u1edbi b\u1ea1n li\u00ean quan \u0111\u1ebfn n\u1ed9i dung, vi\u1ec7c s\u1eed d\u1ee5ng ho\u1eb7c li\u00ean quan \u0111\u1ebfn trang web n\u00e0y: \u0111\u1ed1i v\u1edbi m\u1ecdi t\u1ed5n th\u1ea5t gi\u00e1n ti\u1ebfp, \u0111\u1eb7c bi\u1ec7t ho\u1eb7c do h\u1eadu qu\u1ea3; ho\u1eb7c \u0111\u1ed1i v\u1edbi b\u1ea5t k\u1ef3 t\u1ed5n th\u1ea5t kinh doanh, m\u1ea5t doanh thu, thu nh\u1eadp, l\u1ee3i nhu\u1eadn ho\u1eb7c kho\u1ea3n ti\u1ebft ki\u1ec7m d\u1ef1 ki\u1ebfn, m\u1ea5t h\u1ee3p \u0111\u1ed3ng ho\u1eb7c m\u1ed1i quan h\u1ec7 kinh doanh, m\u1ea5t danh ti\u1ebfng ho\u1eb7c thi\u1ec7n ch\u00ed, ho\u1eb7c m\u1ea5t ho\u1eb7c h\u1ecfng th\u00f4ng tin ho\u1eb7c d\u1eef li\u1ec7u.<\/p>\n<h2>\nBi\u1ebfn th\u1ec3<\/h2>\n<p>https:\/\/banbuonsofa.com\u00a0c\u00f3 th\u1ec3 s\u1eeda \u0111\u1ed5i c\u00e1c \u0111i\u1ec1u kho\u1ea3n v\u00e0 \u0111i\u1ec1u ki\u1ec7n n\u00e0y theo th\u1eddi gian. C\u00e1c \u0111i\u1ec1u kho\u1ea3n v\u00e0 \u0111i\u1ec1u ki\u1ec7n s\u1eeda \u0111\u1ed5i s\u1ebd \u00e1p d\u1ee5ng cho vi\u1ec7c s\u1eed d\u1ee5ng trang web n\u00e0y k\u1ec3 t\u1eeb ng\u00e0y c\u00f4ng b\u1ed1 c\u00e1c \u0111i\u1ec1u kho\u1ea3n v\u00e0 \u0111i\u1ec1u ki\u1ec7n s\u1eeda \u0111\u1ed5i tr\u00ean trang web n\u00e0y.<\/p>\n","protected":false},"excerpt":{"rendered":"<p>C\u00e1c \u0111i\u1ec1u kho\u1ea3n v\u00e0 \u0111i\u1ec1u ki\u1ec7n n\u00e0y chi ph\u1ed1i vi\u1ec7c b\u1ea1n s\u1eed d\u1ee5ng https:\/\/banbuonsofa.com, n\u01a1i cung c\u1ea5p c\u00e1c m\u1eb7t h\u00e0ng y t\u1ebf v\u00e0 b\u00e1n th\u1ef1c ph\u1ea9m b\u1ed5 sung s\u1ee9c kh\u1ecfe. B\u1eb1ng c\u00e1ch s\u1eed d\u1ee5ng trang [&hellip;]<\/p>\n","protected":false},"author":1,"featured_media":0,"parent":0,"menu_order":0,"comment_status":"closed","ping_status":"closed","template":"","meta":{"footnotes":""},"class_list":["post-64","page","type-page","status-publish","hentry"],"yoast_head":"<!-- This site is optimized with the Yoast SEO plugin v21.6 - https:\/\/yoast.com\/wordpress\/plugins\/seo\/ -->\n<title>\u0110i\u1ec1u kho\u1ea3n s\u1eed d\u1ee5ng - banbuonsofa<\/title>\n<meta name=\"robots\" content=\"index, follow, max-snippet:-1, max-image-preview:large, max-video-preview:-1\" \/>\n<link rel=\"canonical\" href=\"http:\/\/banbuonsofa.com\/new\/dieu-khoan-su-dung\/\" \/>\n<meta property=\"og:locale\" content=\"vi_VN\" \/>\n<meta property=\"og:type\" content=\"article\" \/>\n<meta property=\"og:title\" content=\"\u0110i\u1ec1u kho\u1ea3n s\u1eed d\u1ee5ng - banbuonsofa\" \/>\n<meta property=\"og:description\" content=\"C\u00e1c \u0111i\u1ec1u kho\u1ea3n v\u00e0 \u0111i\u1ec1u ki\u1ec7n n\u00e0y chi ph\u1ed1i vi\u1ec7c b\u1ea1n s\u1eed d\u1ee5ng https:\/\/banbuonsofa.com, n\u01a1i cung c\u1ea5p c\u00e1c m\u1eb7t h\u00e0ng y t\u1ebf v\u00e0 b\u00e1n th\u1ef1c ph\u1ea9m b\u1ed5 sung s\u1ee9c kh\u1ecfe. B\u1eb1ng c\u00e1ch s\u1eed d\u1ee5ng trang [&hellip;]\" \/>\n<meta property=\"og:url\" content=\"http:\/\/banbuonsofa.com\/new\/dieu-khoan-su-dung\/\" \/>\n<meta property=\"og:site_name\" content=\"banbuonsofa\" \/>\n<meta property=\"article:modified_time\" content=\"2023-12-14T22:32:09+00:00\" \/>\n<meta name=\"twitter:card\" content=\"summary_large_image\" \/>\n<meta name=\"twitter:label1\" content=\"\u01af\u1edbc t\u00ednh th\u1eddi gian \u0111\u1ecdc\" \/>\n\t<meta name=\"twitter:data1\" content=\"4 ph\u00fat\" \/>\n<script type=\"application\/ld+json\" class=\"yoast-schema-graph\">{\"@context\":\"https:\/\/schema.org\",\"@graph\":[{\"@type\":\"WebPage\",\"@id\":\"http:\/\/banbuonsofa.com\/new\/dieu-khoan-su-dung\/\",\"url\":\"http:\/\/banbuonsofa.com\/new\/dieu-khoan-su-dung\/\",\"name\":\"\u0110i\u1ec1u kho\u1ea3n s\u1eed d\u1ee5ng - banbuonsofa\",\"isPartOf\":{\"@id\":\"https:\/\/banbuonsofa.com\/new\/#website\"},\"datePublished\":\"2023-12-13T22:29:00+00:00\",\"dateModified\":\"2023-12-14T22:32:09+00:00\",\"breadcrumb\":{\"@id\":\"http:\/\/banbuonsofa.com\/new\/dieu-khoan-su-dung\/#breadcrumb\"},\"inLanguage\":\"vi\",\"potentialAction\":[{\"@type\":\"ReadAction\",\"target\":[\"http:\/\/banbuonsofa.com\/new\/dieu-khoan-su-dung\/\"]}]},{\"@type\":\"BreadcrumbList\",\"@id\":\"http:\/\/banbuonsofa.com\/new\/dieu-khoan-su-dung\/#breadcrumb\",\"itemListElement\":[{\"@type\":\"ListItem\",\"position\":1,\"name\":\"Home\",\"item\":\"https:\/\/banbuonsofa.com\/new\/\"},{\"@type\":\"ListItem\",\"position\":2,\"name\":\"\u0110i\u1ec1u kho\u1ea3n s\u1eed d\u1ee5ng\"}]},{\"@type\":\"WebSite\",\"@id\":\"https:\/\/banbuonsofa.com\/new\/#website\",\"url\":\"https:\/\/banbuonsofa.com\/new\/\",\"name\":\"banbuonsofa\",\"description\":\"new\",\"publisher\":{\"@id\":\"https:\/\/banbuonsofa.com\/new\/#organization\"},\"potentialAction\":[{\"@type\":\"SearchAction\",\"target\":{\"@type\":\"EntryPoint\",\"urlTemplate\":\"https:\/\/banbuonsofa.com\/new\/?s={search_term_string}\"},\"query-input\":\"required name=search_term_string\"}],\"inLanguage\":\"vi\"},{\"@type\":\"Organization\",\"@id\":\"https:\/\/banbuonsofa.com\/new\/#organization\",\"name\":\"banbuonsofa\",\"url\":\"https:\/\/banbuonsofa.com\/new\/\",\"logo\":{\"@type\":\"ImageObject\",\"inLanguage\":\"vi\",\"@id\":\"https:\/\/banbuonsofa.com\/new\/#\/schema\/logo\/image\/\",\"url\":\"https:\/\/banbuonsofa.com\/new\/wp-content\/uploads\/2023\/12\/cropped-\u0421\u043d\u0438\u043c\u043e\u043a-\u044d\u043a\u0440\u0430\u043d\u0430-2023-12-15-\u0432-00.22.09.png\",\"contentUrl\":\"https:\/\/banbuonsofa.com\/new\/wp-content\/uploads\/2023\/12\/cropped-\u0421\u043d\u0438\u043c\u043e\u043a-\u044d\u043a\u0440\u0430\u043d\u0430-2023-12-15-\u0432-00.22.09.png\",\"width\":688,\"height\":230,\"caption\":\"banbuonsofa\"},\"image\":{\"@id\":\"https:\/\/banbuonsofa.com\/new\/#\/schema\/logo\/image\/\"}}]}<\/script>\n<!-- \/ Yoast SEO plugin. -->","yoast_head_json":{"title":"\u0110i\u1ec1u kho\u1ea3n s\u1eed d\u1ee5ng - banbuonsofa","robots":{"index":"index","follow":"follow","max-snippet":"max-snippet:-1","max-image-preview":"max-image-preview:large","max-video-preview":"max-video-preview:-1"},"canonical":"http:\/\/banbuonsofa.com\/new\/dieu-khoan-su-dung\/","og_locale":"vi_VN","og_type":"article","og_title":"\u0110i\u1ec1u kho\u1ea3n s\u1eed d\u1ee5ng - banbuonsofa","og_description":"C\u00e1c \u0111i\u1ec1u kho\u1ea3n v\u00e0 \u0111i\u1ec1u ki\u1ec7n n\u00e0y chi ph\u1ed1i vi\u1ec7c b\u1ea1n s\u1eed d\u1ee5ng https:\/\/banbuonsofa.com, n\u01a1i cung c\u1ea5p c\u00e1c m\u1eb7t h\u00e0ng y t\u1ebf v\u00e0 b\u00e1n th\u1ef1c ph\u1ea9m b\u1ed5 sung s\u1ee9c kh\u1ecfe. B\u1eb1ng c\u00e1ch s\u1eed d\u1ee5ng trang [&hellip;]","og_url":"http:\/\/banbuonsofa.com\/new\/dieu-khoan-su-dung\/","og_site_name":"banbuonsofa","article_modified_time":"2023-12-14T22:32:09+00:00","twitter_card":"summary_large_image","twitter_misc":{"\u01af\u1edbc t\u00ednh th\u1eddi gian \u0111\u1ecdc":"4 ph\u00fat"},"schema":{"@context":"https:\/\/schema.org","@graph":[{"@type":"WebPage","@id":"http:\/\/banbuonsofa.com\/new\/dieu-khoan-su-dung\/","url":"http:\/\/banbuonsofa.com\/new\/dieu-khoan-su-dung\/","name":"\u0110i\u1ec1u kho\u1ea3n s\u1eed d\u1ee5ng - banbuonsofa","isPartOf":{"@id":"https:\/\/banbuonsofa.com\/new\/#website"},"datePublished":"2023-12-13T22:29:00+00:00","dateModified":"2023-12-14T22:32:09+00:00","breadcrumb":{"@id":"http:\/\/banbuonsofa.com\/new\/dieu-khoan-su-dung\/#breadcrumb"},"inLanguage":"vi","potentialAction":[{"@type":"ReadAction","target":["http:\/\/banbuonsofa.com\/new\/dieu-khoan-su-dung\/"]}]},{"@type":"BreadcrumbList","@id":"http:\/\/banbuonsofa.com\/new\/dieu-khoan-su-dung\/#breadcrumb","itemListElement":[{"@type":"ListItem","position":1,"name":"Home","item":"https:\/\/banbuonsofa.com\/new\/"},{"@type":"ListItem","position":2,"name":"\u0110i\u1ec1u kho\u1ea3n s\u1eed d\u1ee5ng"}]},{"@type":"WebSite","@id":"https:\/\/banbuonsofa.com\/new\/#website","url":"https:\/\/banbuonsofa.com\/new\/","name":"banbuonsofa","description":"new","publisher":{"@id":"https:\/\/banbuonsofa.com\/new\/#organization"},"potentialAction":[{"@type":"SearchAction","target":{"@type":"EntryPoint","urlTemplate":"https:\/\/banbuonsofa.com\/new\/?s={search_term_string}"},"query-input":"required name=search_term_string"}],"inLanguage":"vi"},{"@type":"Organization","@id":"https:\/\/banbuonsofa.com\/new\/#organization","name":"banbuonsofa","url":"https:\/\/banbuonsofa.com\/new\/","logo":{"@type":"ImageObject","inLanguage":"vi","@id":"https:\/\/banbuonsofa.com\/new\/#\/schema\/logo\/image\/","url":"https:\/\/banbuonsofa.com\/new\/wp-content\/uploads\/2023\/12\/cropped-\u0421\u043d\u0438\u043c\u043e\u043a-\u044d\u043a\u0440\u0430\u043d\u0430-2023-12-15-\u0432-00.22.09.png","contentUrl":"https:\/\/banbuonsofa.com\/new\/wp-content\/uploads\/2023\/12\/cropped-\u0421\u043d\u0438\u043c\u043e\u043a-\u044d\u043a\u0440\u0430\u043d\u0430-2023-12-15-\u0432-00.22.09.png","width":688,"height":230,"caption":"banbuonsofa"},"image":{"@id":"https:\/\/banbuonsofa.com\/new\/#\/schema\/logo\/image\/"}}]}},"_links":{"self":[{"href":"https:\/\/banbuonsofa.com\/new\/wp-json\/wp\/v2\/pages\/64"}],"collection":[{"href":"https:\/\/banbuonsofa.com\/new\/wp-json\/wp\/v2\/pages"}],"about":[{"href":"https:\/\/banbuonsofa.com\/new\/wp-json\/wp\/v2\/types\/page"}],"author":[{"embeddable":true,"href":"https:\/\/banbuonsofa.com\/new\/wp-json\/wp\/v2\/users\/1"}],"replies":[{"embeddable":true,"href":"https:\/\/banbuonsofa.com\/new\/wp-json\/wp\/v2\/comments?post=64"}],"version-history":[{"count":1,"href":"https:\/\/banbuonsofa.com\/new\/wp-json\/wp\/v2\/pages\/64\/revisions"}],"predecessor-version":[{"id":65,"href":"https:\/\/banbuonsofa.com\/new\/wp-json\/wp\/v2\/pages\/64\/revisions\/65"}],"wp:attachment":[{"href":"https:\/\/banbuonsofa.com\/new\/wp-json\/wp\/v2\/media?parent=64"}],"curies":[{"name":"wp","href":"https:\/\/api.w.org\/{rel}","templated":true}]}}